{"id":3,"date":"2025-11-14T03:01:52","date_gmt":"2025-11-14T03:01:52","guid":{"rendered":"http:\/\/fulfillcoffeesupply.com\/?page_id=3"},"modified":"2026-03-10T10:41:04","modified_gmt":"2026-03-10T03:41:04","slug":"privacy-policy","status":"publish","type":"page","link":"https:\/\/fulfillcoffeesupply.com\/index.php\/privacy-policy\/","title":{"rendered":"\u0110i\u1ec1u kho\u1ea3n d\u1ecbch v\u1ee5"},"content":{"rendered":"\n<h3 class=\"wp-block-heading\"><strong>GI\u1edaI THI\u1ec6U<\/strong><\/h3>\n\n\n\n<p>Ch\u00e0o m\u1eebng qu\u00fd kh\u00e1ch h\u00e0ng \u0111\u1ebfn v\u1edbi website c\u1ee7a Fulfill Coffee Supply (FCS). Qu\u00fd kh\u00e1ch vui l\u00f2ng \u0111\u1ecdc k\u0129 \u0110i\u1ec1u kho\u1ea3n s\u1eed d\u1ee5ng d\u1ecbch v\u1ee5 \u0111\u1ec3 bi\u1ebft th\u00eam th\u00f4ng tin chi ti\u1ebft.<\/p>\n\n\n\n<p>\u0110i\u1ec1u kho\u1ea3n s\u1eed d\u1ee5ng d\u1ecbch v\u1ee5 l\u00e0 th\u1ecfa thu\u1eadn gi\u1eefa qu\u00fd kh\u00e1ch h\u00e0ng v\u00e0 FCS. Khi qu\u00fd kh\u00e1ch truy c\u1eadp v\u00e0o website ho\u1eb7c s\u1eed d\u1ee5ng c\u00e1c th\u00f4ng tin, ch\u1ee9c n\u0103ng n\u00e0y \u0111\u1ed3ng ngh\u0129a qu\u00fd kh\u00e1ch \u0111\u00e3 \u0111\u1ecdc, hi\u1ec3u v\u00e0 \u0111\u1ed3ng \u00fd v\u1edbi c\u00e1c \u0110i\u1ec1u kho\u1ea3n d\u1ecbch v\u1ee5 n\u00e0y. N\u1ebfu qu\u00fd kh\u00e1ch kh\u00f4ng \u0111\u1ed3ng \u00fd v\u1edbi b\u1ea5t k\u1ef3 \u0111i\u1ec1u kho\u1ea3n n\u00e0o, vui l\u00f2ng kh\u00f4ng ti\u1ebfp t\u1ee5c s\u1eed d\u1ee5ng d\u1ecbch v\u1ee5 c\u1ee7a ch\u00fang t\u00f4i.<\/p>\n\n\n\n<p>FCS c\u00f3 th\u1ec3 s\u1eeda \u0111\u1ed5i \u0110i\u1ec1u kho\u1ea3n s\u1eed d\u1ee5ng d\u1ecbch v\u1ee5 n\u00e0y b\u1ea5t c\u1ee9 l\u00fac n\u00e0o m\u00e0 kh\u00f4ng c\u1ea7n th\u00f4ng b\u00e1o tr\u01b0\u1edbc. B\u1eb1ng vi\u1ec7c ti\u1ebfp t\u1ee5c s\u1eed d\u1ee5ng website ho\u1eb7c th\u00f4ng tin, ch\u1ee9c n\u0103ng c\u1ee7a FCS, qu\u00fd kh\u00e1ch \u0111\u00e3 ch\u1ea5p nh\u1eadn v\u1edbi nh\u1eefng thay \u0111\u1ed5i n\u00e0y.<\/p>\n\n\n\n<p>FCS t\u00f4n tr\u1ecdng nguy\u00ean t\u1eafc t\u1ef1 do t\u1ef1 nguy\u1ec7n, t\u00f4n tr\u1ecdng quy\u1ec1n v\u00e0 l\u1ee3i \u00edch h\u1ee3p ph\u00e1p c\u1ee7a kh\u00e1ch h\u00e0ng khi mua s\u1ea3n ph\u1ea9m, d\u1ecbch v\u1ee5 v\u00e0 kh\u00f4ng tr\u00e1i v\u1edbi quy \u0111\u1ecbnh c\u1ee7a ph\u00e1p lu\u1eadt.<\/p>\n\n\n\n<h3 class=\"wp-block-heading\">QUY\u1ec0N S\u1ede H\u1eeeU TR\u00cd TU\u1ec6<\/h3>\n\n\n\n<p>T\u1ea5t c\u1ea3 n\u1ed9i dung tr\u00ean trang web, bao g\u1ed3m nh\u01b0ng kh\u00f4ng gi\u1edbi h\u1ea1n c\u00e1c h\u00ecnh \u1ea3nh, v\u0103n b\u1ea3n, bi\u1ec3u \u0111\u1ed3, bi\u1ec3u m\u1eabu, logo v\u00e0 d\u1ea5u hi\u1ec7u th\u01b0\u01a1ng hi\u1ec7u l\u00e0 t\u00e0i s\u1ea3n c\u1ee7a ch\u00fang t\u00f4i ho\u1eb7c c\u00e1c b\u00ean th\u1ee9 ba \u0111\u00e3 c\u1ea5p ph\u00e9p. Vi\u1ec7c s\u1eed d\u1ee5ng, sao ch\u00e9p, ph\u00e2n ph\u1ed1i hay t\u00e1i s\u1ea3n xu\u1ea5t n\u1ed9i dung n\u00e0y m\u00e0 kh\u00f4ng c\u00f3 s\u1ef1 \u0111\u1ed3ng \u00fd b\u1eb1ng v\u0103n b\u1ea3n t\u1eeb ch\u00fang t\u00f4i l\u00e0 vi ph\u1ea1m quy\u1ec1n s\u1edf h\u1eefu tr\u00ed tu\u1ec7.<\/p>\n\n\n\n<h3 class=\"wp-block-heading\">TH\u00d4NG TIN S\u1ea2N PH\u1ea8M V\u00c0 GI\u00c1 C\u1ea2<\/h3>\n\n\n\n<p>FCS cam k\u1ebft cung c\u1ea5p th\u00f4ng tin ch\u00ednh x\u00e1c v\u00e0 \u0111\u1ea7y \u0111\u1ee7 v\u1ec1 s\u1ea3n ph\u1ea9m m\u00e0 ch\u00fang t\u00f4i cung c\u1ea5p.<\/p>\n\n\n\n<p>Gi\u00e1 c\u1ea3 bi\u1ebfn \u0111\u1ed9ng theo th\u1ecb tr\u01b0\u1eddng, v\u00ec v\u1eady FCS c\u00f3 quy\u1ec1n thay \u0111\u1ed5i gi\u00e1 m\u00e0 kh\u00f4ng c\u1ea7n th\u00f4ng b\u00e1o tr\u01b0\u1edbc. Qu\u00fd kh\u00e1ch n\u00ean ki\u1ec3m tra k\u1ef9 th\u00f4ng tin s\u1ea3n ph\u1ea9m tr\u01b0\u1edbc khi \u0111\u1eb7t mua.<\/p>\n\n\n\n<h3 class=\"wp-block-heading\">QUY\u1ec0N V\u00c0 TR\u00c1CH NHI\u1ec6M C\u1ee6A NG\u01af\u1edcI D\u00d9NG<\/h3>\n\n\n\n<p>Khi s\u1eed d\u1ee5ng d\u1ecbch v\u1ee5 c\u1ee7a ch\u00fang t\u00f4i, qu\u00fd kh\u00e1ch h\u00e0ng cam k\u1ebft cung c\u1ea5p th\u00f4ng tin ch\u00ednh x\u00e1c v\u00e0 tu\u00e2n th\u1ee7 quy \u0111\u1ecbnh, \u0111i\u1ec1u kho\u1ea3n \u0111\u01b0\u1ee3c \u0111\u1ec1 ra. Qu\u00fd kh\u00e1ch ch\u1ecbu tr\u00e1ch nhi\u1ec7m \u0111\u1ed1i v\u1edbi ho\u1ea1t \u0111\u1ed9ng c\u1ee7a m\u00ecnh tr\u00ean website v\u00e0 kh\u00f4ng \u0111\u01b0\u1ee3c s\u1eed d\u1ee5ng d\u1ecbch v\u1ee5 c\u1ee7a FCS cho m\u1ee5c \u0111\u00edch b\u1ea5t h\u1ee3p ph\u00e1p ho\u1eb7c g\u00e2y h\u1ea1i \u0111\u1ebfn ng\u01b0\u1eddi kh\u00e1c.<\/p>\n\n\n\n<h3 class=\"wp-block-heading\">LI\u00caN H\u1ec6<\/h3>\n\n\n\n<p>N\u1ebfu qu\u00fd kh\u00e1ch c\u00f3 b\u1ea5t k\u1ef3 c\u00e2u h\u1ecfi ho\u1eb7c \u00fd ki\u1ebfn v\u1ec1 \u0110i\u1ec1u kho\u1ea3n d\u1ecbch v\u1ee5 n\u00e0y, vui l\u00f2ng li\u00ean h\u1ec7 v\u1edbi&nbsp;FCS&nbsp;qua th\u00f4ng tin li\u00ean h\u1ec7 \u0111\u01b0\u1ee3c cung c\u1ea5p tr\u00ean trang web.<\/p>\n\n\n\n<p><\/p>\n","protected":false},"excerpt":{"rendered":"<p>GI\u1edaI THI\u1ec6U Ch\u00e0o m\u1eebng qu\u00fd kh\u00e1ch h\u00e0ng \u0111\u1ebfn v\u1edbi website c\u1ee7a Fulfill Coffee Supply (FCS). Qu\u00fd kh\u00e1ch vui l\u00f2ng \u0111\u1ecdc k\u0129 \u0110i\u1ec1u kho\u1ea3n s\u1eed d\u1ee5ng d\u1ecbch v\u1ee5 \u0111\u1ec3 bi\u1ebft th\u00eam th\u00f4ng tin chi ti\u1ebft. \u0110i\u1ec1u kho\u1ea3n s\u1eed d\u1ee5ng d\u1ecbch v\u1ee5 l\u00e0 th\u1ecfa thu\u1eadn gi\u1eefa qu\u00fd kh\u00e1ch h\u00e0ng v\u00e0 FCS. Khi qu\u00fd kh\u00e1ch truy c\u1eadp v\u00e0o [&hellip;]<\/p>\n","protected":false},"author":1,"featured_media":0,"parent":0,"menu_order":0,"comment_status":"closed","ping_status":"open","template":"","meta":{"footnotes":""},"class_list":["post-3","page","type-page","status-publish","hentry"],"_links":{"self":[{"href":"https:\/\/fulfillcoffeesupply.com\/index.php\/wp-json\/wp\/v2\/pages\/3","targetHints":{"allow":["GET"]}}],"collection":[{"href":"https:\/\/fulfillcoffeesupply.com\/index.php\/wp-json\/wp\/v2\/pages"}],"about":[{"href":"https:\/\/fulfillcoffeesupply.com\/index.php\/wp-json\/wp\/v2\/types\/page"}],"author":[{"embeddable":true,"href":"https:\/\/fulfillcoffeesupply.com\/index.php\/wp-json\/wp\/v2\/users\/1"}],"replies":[{"embeddable":true,"href":"https:\/\/fulfillcoffeesupply.com\/index.php\/wp-json\/wp\/v2\/comments?post=3"}],"version-history":[{"count":3,"href":"https:\/\/fulfillcoffeesupply.com\/index.php\/wp-json\/wp\/v2\/pages\/3\/revisions"}],"predecessor-version":[{"id":8336,"href":"https:\/\/fulfillcoffeesupply.com\/index.php\/wp-json\/wp\/v2\/pages\/3\/revisions\/8336"}],"wp:attachment":[{"href":"https:\/\/fulfillcoffeesupply.com\/index.php\/wp-json\/wp\/v2\/media?parent=3"}],"curies":[{"name":"wp","href":"https:\/\/api.w.org\/{rel}","templated":true}]}}