{"id":7456,"date":"2025-11-18T16:21:09","date_gmt":"2025-11-18T09:21:09","guid":{"rendered":"http:\/\/fulfillcoffeesupply.com\/?post_type=product&#038;p=7456"},"modified":"2026-02-27T14:10:33","modified_gmt":"2026-02-27T07:10:33","slug":"ca-phe-hat-rang-robusta","status":"publish","type":"product","link":"https:\/\/fulfillcoffeesupply.com\/index.php\/product\/ca-phe-hat-rang-robusta\/","title":{"rendered":"C\u00e0 ph\u00ea h\u1ea1t rang Robusta"},"content":{"rendered":"\n<ul class=\"wp-block-list\">\n<li>V\u00f9ng (Region)<\/li>\n\n\n\n<li>C\u01b0 M&#8217;gar, \u0110\u1eafk L\u1eafk, Vi\u1ec7t Nam<\/li>\n\n\n\n<li>Gi\u1ed1ng (Variety)<\/li>\n\n\n\n<li>C\u00e0 TR<\/li>\n\n\n\n<li>S\u01a1&nbsp;ch\u1ebf (Processing)<\/li>\n\n\n\n<li>Natural &#8211; L\u00ean men vi sinh b\u1ea3n \u0111\u1ecba do Soul nghi\u00ean c\u1ee9u&nbsp;(fermented with Soul&#8217;s microorganisms)<\/li>\n\n\n\n<li>M\u1ee9c rang (Roasting level)<\/li>\n\n\n\n<li>V\u1eeba &#8211; Medium roast<\/li>\n\n\n\n<li>Ph\u00f9 h\u1ee3p v\u1edbi&nbsp;(Usage)<\/li>\n\n\n\n<li>C\u00e0 ph\u00ea pha m\u00e1y &#8211; Espresso<\/li>\n\n\n\n<li>H\u01b0\u01a1ng v\u1ecb (Taste notes)<\/li>\n\n\n\n<li>H\u01b0\u01a1ng hoa, h\u1ea1t rang, qu\u1ea3 m\u1ecdng, tr\u00e1i c\u00e2y nhi\u1ec7t \u0111\u1edbi, \u0111\u01b0\u1eddng n\u00e2u, tr\u00e0 \u0111en, h\u1eadu ng\u1ecdt k\u00e9o d\u00e0i (Floral, roasted nuts, berry, tropical fruit, brown sugar, black tea, long sweet)<\/li>\n\n\n\n<li>Th\u00e0nh t\u00edch n\u1ed5i b\u1eadt (Achievements)<\/li>\n\n\n\n<li>Top 5 cu\u1ed9c thi Vietnam Amazing Cup&nbsp;\u0111\u01b0\u1ee3c&nbsp;t\u1ed5 ch\u1ee9c b\u1edfi Hi\u1ec7p h\u1ed9i C\u00e0 ph\u00ea Bu\u00f4n Ma Thu\u1ed9t<\/li>\n\n\n\n<li>Top 7 cu\u1ed9c thi Vietnam Coffee Producer 2025&nbsp;\u0111\u01b0\u1ee3c t\u1ed5 ch\u1ee9c b\u1edfi H\u1ecdc vi\u1ec7n C\u00e0 Ph\u00ea \u0110\u1eb7c S\u1ea3n HQJ&nbsp;<\/li>\n\n\n\n<li>&#8212;&#8212;&#8212;&#8212;&#8212;&#8212;&#8212;&#8212;&#8212;&#8212;&#8211;<\/li>\n\n\n\n<li>Top 5 at the Vietnam Amazing Cup &#8211; organized by&nbsp;Buonmathuot Coffee Association<\/li>\n\n\n\n<li>Top 7 at the Vietnam Coffee Producer competition &#8211; organized by HQJ Coffee School<\/li>\n\n\n\n<li>V\u1ec1&nbsp;s\u1ea3n ph\u1ea9m (Description)<\/li>\n\n\n\n<li>TR \u0111\u01b0\u1ee3c nghi\u00ean c\u1ee9u v\u00e0 ph\u00e1t tri\u1ec3n nh\u1eb1m \u0111\u00e1p \u1ee9ng nhu c\u1ea7u s\u1ea3n xu\u1ea5t c\u00e0 ph\u00ea ch\u1ea5t l\u01b0\u1ee3ng cao, v\u1edbi kh\u1ea3 n\u0103ng sinh tr\u01b0\u1edfng m\u1ea1nh m\u1ebd, th\u00edch nghi t\u1ed1t v\u1edbi nhi\u1ec1u \u0111i\u1ec1u ki\u1ec7n th\u1ed5 nh\u01b0\u1ee1ng. Gi\u1ed1ng TR kh\u00f4ng ch\u1ec9 gi\u1eef \u0111\u01b0\u1ee3c s\u1ef1 m\u1ea1nh m\u1ebd v\u1ed1n c\u00f3, m\u00e0 c\u00f2n mang \u0111\u1ebfn ch\u1ea5t v\u1ecb m\u01b0\u1ee3t m\u00e0, \u0111\u1eadm \u0111\u00e0.<\/li>\n\n\n\n<li>V\u1edbi gi\u1ed1ng TR, sau khi h\u00e1i ch\u00edn, l\u01b0\u1ee3ng \u0111\u01b0\u1eddng trong tr\u00e1i giao \u0111\u1ed9ng t\u1eeb 20 t\u1edbi 23 brix, Soul l\u1ef1a ch\u1ecdn ph\u01b0\u01a1ng ph\u00e1p ch\u1ebf bi\u1ebfn kh\u00f4 (natural) k\u1ebft h\u1ee3p l\u00ean men vi sinh. C\u00e1c vi sinh v\u1eadt nh\u01b0 n\u1ea5m men v\u00e0 vi khu\u1ea9n \u0111\u01b0\u1ee3c thu\u1ea7n h\u00f3a \u0111\u1ec3 chuy\u1ec3n h\u00f3a ch\u1ea5t dinh d\u01b0\u1ee1ng t\u1eeb th\u1ef1c v\u1eadt, t\u00edch l\u0169y trong m\u00f4i tr\u01b0\u1eddng, sau \u0111\u00f3 ti\u00eau th\u1ee5 v\u00e0 bi\u1ebfn \u0111\u1ed5i c\u00e1c h\u1ee3p ch\u1ea5t \u0111\u01b0\u1eddng v\u00e0 axit b\u00ean trong tr\u00e1i c\u00e0 ph\u00ea. Nh\u1eefng vi sinh v\u1eadt n\u00e0y t\u01b0\u01a1ng t\u00e1c v\u00e0 ph\u1ea3n \u1ee9ng v\u1edbi nhau, th\u00edch \u1ee9ng v\u1edbi c\u00e1c y\u1ebfu t\u1ed1 thay \u0111\u1ed5i nh\u01b0 m\u00f4i tr\u01b0\u1eddng, \u0111\u1ed9 \u1ea9m, n\u1ed3ng \u0111\u1ed9 oxy, nhi\u1ec7t \u0111\u1ed9\u2026&nbsp;<\/li>\n\n\n\n<li>Vi\u1ec7c l\u00ean men gi\u00fap trao \u0111\u1ed5i l\u01b0\u1ee3ng \u0111\u01b0\u1eddng, axit trong tr\u00e1i c\u00e0 ph\u00ea l\u00e0m t\u0103ng sinh kh\u1ed1i l\u01b0\u1ee3ng c\u1ee7a n\u1ea5m men, vi sinh, khu\u1ea9n c\u00f3 l\u1ee3i, th\u00fac \u0111\u1ea9y qu\u00e1 tr\u00ecnh chuy\u1ec3n ho\u00e1 \u0111\u01b0\u1eddng b\u00ean trong tr\u00e1i c\u00e0 ph\u00ea, t\u00f4n vinh gi\u00e1 tr\u1ecb c\u1ee7a m\u1ed9t gi\u1ed1ng c\u00e0 ph\u00ea thu\u1ea7n ch\u1ee7ng. Giai \u0111o\u1ea1n ph\u01a1i kh\u00f4 c\u0169ng \u0111\u01b0\u1ee3c theo d\u00f5i t\u1ec9 m\u1ec9 &nbsp;c\u00f4ng phu, k\u00e9o d\u00e0i t\u1eeb 3-5 tu\u1ea7n nh\u1eb1m \u0111\u1ea3m b\u1ea3o c\u00e1c h\u1ee3p ch\u1ea5t \u0111\u01b0\u1ee3c th\u1ea9m th\u1ea5u v\u00e0o b\u00ean trong, tr\u00e1i v\u00e0 h\u1ea1t c\u00e0 ph\u00ea \u0111\u1ea1t \u0111\u1ed9 \u1ea9m t\u1ed1t nh\u1ea5t.<\/li>\n\n\n\n<li>V\u1edbi c\u00e1ch s\u01a1 ch\u1ebf n\u00e0y, FCS l\u1ef1a ch\u1ecdn m\u1ee9c rang s\u00e1ng v\u1eeba, h\u01b0\u01a1ng v\u1ecb ng\u1ecdt ng\u00e0o m\u1edbi l\u1ea1 c\u00f9ng nh\u1eefng gi\u1ecdt c\u00e0 ph\u00ea thu\u1ea7n khi\u1ebft, nh\u1eb9 nh\u00e0ng s\u1ebd khi\u1ebfn b\u1ea1n y\u00eau th\u00edch<\/li>\n\n\n\n<li>&#8212;&#8212;&#8212;&#8212;&#8212;&#8212;&#8212;&#8212;&#8212;&#8212;&#8212;&#8212;&#8212;&#8212;&#8212;&#8212;&#8212;&#8212;&#8212;<\/li>\n\n\n\n<li>The TR variety was researched and developed to meet the demand for high-quality coffee production, featuring vigorous growth and strong adaptability to various soil conditions. It not only retains its inherent robustness but also delivers a smooth, rich flavor profile.<\/li>\n\n\n\n<li>With the TR variety, once fully ripe, the cherries have a sugar content ranging from 20 to 23\u00b0 Brix, and Soul chooses the natural processing method combined with microbial fermentation. Microorganisms such as yeast and bacteria are cultivated to transform nutrients from plants, accumulate them in the environment, and then consume and convert the sugars and acids inside the coffee cherries. These microorganisms interact and react with one another, adapting to changing factors such as environment, humidity, oxygen concentration, and temperature.<\/li>\n\n\n\n<li>With this processing method, FCS chooses a medium-light roast, delivering a uniquely sweet profile with pure and delicate coffee drops that are sure to win your heart.<\/li>\n<\/ul>\n","protected":false},"excerpt":{"rendered":"<ul role=\"list\">\n<li>V\u00f9ng (Region)<\/li>\n<li>C\u01b0 M&#8217;gar, \u0110\u1eafk L\u1eafk, Vi\u1ec7t Nam<\/li>\n<li>Gi\u1ed1ng (Variety)<\/li>\n<li>C\u00e0 TR<\/li>\n<li>S\u01a1\u00a0ch\u1ebf (Processing)<\/li>\n<li>Natural &#8211; L\u00ean men vi sinh b\u1ea3n \u0111\u1ecba do Soul nghi\u00ean c\u1ee9u\u00a0(fermented with Soul&#8217;s microorganisms)<\/li>\n<li>M\u1ee9c rang (Roasting level)<\/li>\n<li>V\u1eeba &#8211; Medium roast<\/li>\n<li>Ph\u00f9 h\u1ee3p v\u1edbi\u00a0(Usage)<\/li>\n<li>C\u00e0 ph\u00ea pha m\u00e1y &#8211; Espresso<\/li>\n<li>H\u01b0\u01a1ng v\u1ecb (Taste notes)<\/li>\n<li>H\u01b0\u01a1ng hoa, h\u1ea1t rang, qu\u1ea3 m\u1ecdng, tr\u00e1i c\u00e2y nhi\u1ec7t \u0111\u1edbi, \u0111\u01b0\u1eddng n\u00e2u, tr\u00e0 \u0111en, h\u1eadu ng\u1ecdt k\u00e9o d\u00e0i (Floral, roasted nuts, berry, tropical fruit, brown sugar, black tea, long sweet)<\/li>\n<\/ul>\n","protected":false},"featured_media":7339,"comment_status":"open","ping_status":"closed","template":"","meta":[],"product_brand":[],"product_cat":[15,61,60,63,59],"product_tag":[],"class_list":{"0":"post-7456","1":"product","2":"type-product","3":"status-publish","4":"has-post-thumbnail","6":"product_cat-coffee","7":"product_cat-koshor","8":"product_cat-organic","9":"product_cat-other","10":"product_cat-rose","12":"first","13":"instock","14":"shipping-taxable","15":"purchasable","16":"product-type-simple"},"_links":{"self":[{"href":"https:\/\/fulfillcoffeesupply.com\/index.php\/wp-json\/wp\/v2\/product\/7456","targetHints":{"allow":["GET"]}}],"collection":[{"href":"https:\/\/fulfillcoffeesupply.com\/index.php\/wp-json\/wp\/v2\/product"}],"about":[{"href":"https:\/\/fulfillcoffeesupply.com\/index.php\/wp-json\/wp\/v2\/types\/product"}],"replies":[{"embeddable":true,"href":"https:\/\/fulfillcoffeesupply.com\/index.php\/wp-json\/wp\/v2\/comments?post=7456"}],"wp:featuredmedia":[{"embeddable":true,"href":"https:\/\/fulfillcoffeesupply.com\/index.php\/wp-json\/wp\/v2\/media\/7339"}],"wp:attachment":[{"href":"https:\/\/fulfillcoffeesupply.com\/index.php\/wp-json\/wp\/v2\/media?parent=7456"}],"wp:term":[{"taxonomy":"product_brand","embeddable":true,"href":"https:\/\/fulfillcoffeesupply.com\/index.php\/wp-json\/wp\/v2\/product_brand?post=7456"},{"taxonomy":"product_cat","embeddable":true,"href":"https:\/\/fulfillcoffeesupply.com\/index.php\/wp-json\/wp\/v2\/product_cat?post=7456"},{"taxonomy":"product_tag","embeddable":true,"href":"https:\/\/fulfillcoffeesupply.com\/index.php\/wp-json\/wp\/v2\/product_tag?post=7456"}],"curies":[{"name":"wp","href":"https:\/\/api.w.org\/{rel}","templated":true}]}}